2)).
223
Let x(i) = 3*i - 6. Let j be x(3). Suppose -j*w = -w. Suppose w*d = -2*d + 64. What are the prime factors of d?
2
Suppose 322 = -10*y + 24*y. List the prime factors of y.
23
Let w = 435 - 1021. Let s = w + 863. What are the prime factors of s?
277
Suppose -2 = -2*u + 16. Let h = 8 - 0. Let x = u + h. What are the prime factors of x?
17
Let j be (-36)/24*-2*1. Suppose 0 = j*x - 7 - 2. What are the prime factors of x?
3
Suppose -6813 - 2570 = -11*q. List the prime factors of q.
853
Suppose 0 = -2*z + 6*z - x - 31, 5*z - 55 = -2*x. Suppose -150 = z*w + 120. Let d = w + 44. What are the prime factors of d?
2, 7
Let k = 11 - 11. Let v be 0 + k - (-6 + 2). List the prime factors of (v/(-12))/((-2)/30).
5
Let p(a) = 14*a - 4. Let k be p(-2). Let l = 39 + k. What are the prime factors of l?
7
Let f(t) = t**2 + 51*t + 262. List the prime factors of f(-51).
2, 131
What are the prime factors of 149655/35 - ((-84)/(-49))/(-12)?
2, 1069
Let b(x) = 44*x - 85. List the prime factors of b(19).
751
Suppose 13*x = 48*x - 98840. List the prime factors of x.
2, 353
Suppose -20*u = -24*u + 728. List the prime factors of u.
2, 7, 13
Suppose 190 + 788 = 4*t - 2*j, 3*t - 734 = j. List the prime factors of t.
5, 7
Let p be (-2)/((-4)/(-6))*-30. List the prime factors of p - -1 - (-9 - -5).
5, 19
Suppose -3*y + 3 = -2*y - a, -3*y - 3*a = -21. Suppose 0 = y*q + 74 + 16. What are the prime factors of 744/22 + q/(-99)?
2, 17
Suppose -3*n = -2*l + 450, -l + 2*n - 9 + 236 = 0. What are the prime factors of l?
3, 73
Let h(t) be the third derivative of -t**5/60 + 37*t**4/24 - 11*t**3 + 18*t**2. What are the prime factors of h(27)?
2, 3, 17
Suppose 4*w = -n + 2242, -2*n - 11*w + 4499 = -8*w. List the prime factors of n.
2, 7, 23
Let w(m) be the first derivative of -m**5/60 + m**4/24 + 3*m**3/2 - 3*m**2/2 + 5. Let f(p) be the second derivative of w(p). List the prime factors of f(0).
3
Let w(i) = -i**2 - 5*i + 5. Suppose -3*d - 4*h = -29, -5*d + d - 3*h = -27. Suppose 0*n = -2*n + 2, -d*n = 4*l + 17. What are the prime factors of w(l)?
5
Let c(l) = l**2 - l + 5. Suppose -u + 1 = 0, 9*u - 11 = -3*r + 4*u. Let f be 2 - -6*r/4. List the prime factors of c(f).
5
Let r(t) = 21*t**2 + 2*t - 1. What are the prime factors of r(-1)?
2, 3
Let h be (-174)/(-34) - 8/68. Suppose 1250 = h*a - 3*l + 8*l, 5*a - 1251 = -4*l. List the prime factors of a.
251
List the prime factors of -3*(-130)/(-39) + 1563.
1553
Let m(z) = z**2 - 3*z. Suppose v - 6 = -3*y + y, y = -3*v + 13. Let g be m(v). Suppose -5*h - g*l + 273 = 0, -15 = 7*l - 2*l. List the prime factors of h.
3, 19
Suppose 18 + 6 = 12*i. Suppose -2*p + s + 25 = -0*s, 3*s - 5 = -i*p. What are the prime factors of p?
2, 5
Let j(i) = -18*i + 27. Let c be j(-13). Suppose -2*o = -3*u + c - 27, -u - o = -73. Suppose 0 = -4*x + 120 + u. What are the prime factors of x?
7
Let z = 2 + 0. Suppose z*d = -2*h + 114, -4*h + 232 = 4*d - h. What are the prime factors of d?
61
Let f(d) = -d**3 - 7*d**2 - 18*d + 15. Let h(o) = -2*o**2 + 30*o + 24. Let w be h(16). List the prime factors of f(w).
223
Suppose 4*g + 24*z - 19*z - 11896 = 0, -3*z - 14907 = -5*g. List the prime factors of g.
3, 331
Suppose -3*j + 888 = 9*c - 6*c, 0 = 2*c + 3*j - 596. What are the prime factors of c?
2, 73
List the prime factors of (342/15)/(3 - (-2748)/(-920)).
2, 19, 23
Let b = -37 + 39. Let i(a) = -42*a - 6. Let r be i(b). Let l = -29 - r. What are the prime factors of l?
61
Let v = -1053 - -2289. List the prime factors of v.
2, 3, 103
Suppose -5*j - 726 = -5*i + 39, 0 = 5*j - 20. List the prime factors of i.
157
Let j be ((-6)/(-2) - 1)*-2. Let u be j - -3 - 1/(-1). Suppose -2*c + 25 = z, u = 3*c - z + 4*z - 42. What are the prime factors of c?
11
Suppose -6*t - 229 = -t + x, -3*x + 78 = -2*t. List the prime factors of 130/18 + 10/t.
7
Suppose -12 - 16 = 7*p. What are the prime factors of 1/(4/236) - p?
3, 7
Let c = -10 + 15. Suppose 5*z + 2*y = -3*y + 215, 133 = 3*z + c*y. Let l = z + -15. List the prime factors of l.
2, 13
Suppose -17*l - 10*l = -6237. List the prime factors of l.
3, 7, 11
Let h(k) = k**3 + 4*k**2 - 3*k - 2. Let t be h(-4). List the prime factors of 924/t + (-36)/(-60).
3, 31
Suppose k + 2*k = 0. List the prime factors of 90 + -8 + 4 + k.
2, 43
Suppose -10253 = -10*g + 12027. What are the prime factors of g?
2, 557
Suppose 5*x - y - 6855 = 0, -5*x + 3*x - 2*y = -2730. List the prime factors of x.
2, 5, 137
Let q(n) = -n + 14. Let m be q(9). Let r(a) = a**3 - a**2 - 14*a + 5. What are the prime factors of r(m)?
5, 7
Let n = -20 - -24. Suppose c - 135 = -n*c. List the prime factors of c - (4 + 14/(-2)).
2, 3, 5
Suppose 66*w - 65*w - 1127 = 0. What are the prime factors of w?
7, 23
Let o(x) = x**3 - 12*x**2 + 19*x - 29. Let t be o(11). Suppose t*q = 57*q + 250. List the prime factors of q.
5
Let r(b) = 6*b**2 + 10*b - 17. List the prime factors of r(4).
7, 17
Let o = -445 - -1139. List the prime factors of o.
2, 347
What are the prime factors of 350/(-30)*9/(-5)?
3, 7
Let z be 18 + 16/4 + -5. Suppose 82 = 9*u - z. List the prime factors of u.
11
Let b(o) = -o**2 + 9*o + 3. Let k = 8 - -1. Let d be b(k). What are the prime factors of -32*(d - (-7)/(-2))?
2
Let s(t) = -2*t**2 - t - 1. Let o be s(-11). Let c = 358 + o. What are the prime factors of c?
2, 3, 7
Let q be (-224)/10 + 20/50. Let p be -8 + 10 - (q - 1). Let y = p + 3. What are the prime factors of y?
2, 7
Let b be (-8)/20 + (-2 - 524/(-10)). Let c = b - 27. What are the prime factors of c?
23
Let c = -27 - -22. List the prime factors of (2 - c)*(-24)/(-2).
2, 3, 7
Let n(s) = -12*s**3 - 2*s**2 + s + 7. Let l = -93 - -91. List the prime factors of n(l).
3, 31
Suppose -x = -o + 28, -x + 6*x + 48 = o. Let r = -16 + o. Suppose -21 = 6*g - r*g. List the prime factors of g.
3, 7
Let a(y) = 3*y**2 - 14*y + 9. Let p(w) = -3*w**2 + 15*w - 10. Let q(n) = 6*a(n) + 5*p(n). List the prime factors of q(3).
2
Suppose 3*p - 4*p = -4. Let j = p - 2. Suppose j*f = -2*f + 180. What are the prime factors of f?
3, 5
Let k(g) = 38*g**2 - 4*g + 7. Let z be (-4)/(-34) + (-608)/(-323). List the prime factors of k(z).
151
Suppose 61*v - 4 = 60*v. Suppose -g = 3*l - 135, 7*l - 4*g = v*l + 120. List the prime factors of l.
2, 11
Let x(a) = -492*a - 95. List the prime factors of x(-8).
23, 167
Let g = 969 - 506. List the prime factors of g.
463
Suppose -24 = -2*y - 6*y. What are the prime factors of y?
3
Let f(z) = z**2 - 19*z - 14. Let b be f(9). Let g = -19 - b. What are the prime factors of g?
5, 17
Let b(j) be the third derivative of -j**4/2 - 5*j**3/3 - 17*j**2. What are the prime factors of b(-3)?
2, 13
Let j(f) = -f**3 + 7*f**2 - f - 5. Let q be j(6). Let k(b) = b**2 - 9. Let a be k(0). Let g = a + q. List the prime factors of g.
2
Let l(o) be the second derivative of -4*o**3/3 - 3*o**2/2 + 4*o. Let w be l(-4). List the prime factors of -3*3/(-9) + w.
2, 3, 5
Suppose -7*a - 4*n - 10 = -4*a, n + 5 = -2*a. Let k(i) = -31*i + 7. List the prime factors of k(a).
3, 23
Let y(u) = -8*u**3 - 7*u**2 - 4*u - 4. What are the prime factors of y(-4)?
2, 103
Let v(j) be the first derivative of 1/2*j**2 - j + 2/3*j**3 - 2. List the prime factors of v(-2).
5
Let o(m) be the second derivative of -1/3*m**3 + 0 + 0*m**4 + 1/2*m**2 - 3/20*m**5 - 3*m. What are the prime factors of o(-2)?
29
Let g(y) = -214*y - 41. What are the prime factors of g(-2)?
3, 43
Let n(k) = -k - 1. Let p = -16 - -14. Let f(o) = 16*o + 16. Let t(l) = p*f(l) - 28*n(l). List the prime factors of t(-10).
2, 3
Let v(z) = 2*z**2 + 2*z - 1. Let m be v(-3). Let b = 6 - m. What are the prime factors of ((-12)/b)/((-3)/(-30))?
2, 3
Suppose 5*t + 3*v - 3767 = 0, 2*t = -0*v + 4*v + 1486. List the prime factors of t.
751
Let s(l) be the first derivative of l**2 + 27*l + 16. List the prime factors of s(10).
47
Suppose 0 = -66*g + 76*g - 5510. List the prime factors of g.
19, 29
Let y(n) = -5*n**3 - 31*n**2 + 91*n + 76. Let c(f) = -f**3 - 6*f**2 + 18*f + 15. Let g(q) = 11*c(q) - 2*y(q). What are the prime factors of g(-7)?
2, 3
Suppose 0 = -2*m + 5*a - 3 - 1, 5*a = 20. Suppose 13*s - 285 = m*s. What are the prime factors of s?
3, 19
Suppose c = -5*t + 18, -5*c - 5*t + 5 + 25 = 0. Let s = c + 23. What are the prime factors of s?
2, 13
Let w(i) = 821*i**3 + 4*i**2 - 2. Wha